*z. What are the prime factors of z?
5, 31
Let i(r) = -2*r**2 + 6*r - 4. Let v be i(5). Let p = 106 + -72. Let l = v + p. What are the prime factors of l?
2, 5
Let f(v) = 179*v + 39. What are the prime factors of f(9)?
2, 3, 5, 11
Suppose -2*o - 12 = 2*j, j + 10*o - 2 = 5*o. List the prime factors of 4/j*(0 + -64).
2
Suppose 0 = -7*r + 1465 - 296. List the prime factors of r.
167
Suppose -3 = -n - 4*v - 8, 0 = 2*n + 3*v. List the prime factors of -17*-1*15/n.
5, 17
Let s(a) = -a**2 + 15*a + 1. Let p be s(11). Let x = p + -10. List the prime factors of x.
5, 7
Let f(b) = 2*b**3 + b. Let y be f(-1). Let s = y - -45. Suppose -z = 11 - s. What are the prime factors of z?
31
What are the prime factors of 2/((-1)/((-4)/(-5)))*-470?
2, 47
Let m(t) = -13*t - 3. Let r(j) = j**3 + 4*j**2 - 5*j - 2. Suppose 0 = 2*h + h + 4*u + 7, -3*u - 19 = 5*h. Let q be r(h). What are the prime factors of m(q)?
23
Suppose -29*y - 3515 = -20712. List the prime factors of y.
593
Suppose -5*w - 1 + 6 = 0. Let b be w*(-3 - -2 - 0). List the prime factors of 1 - (b - -1 - 3).
2
Suppose 0 = -7*l + 2*l - 10. What are the prime factors of -4 + (48 - (-6)/l)?
41
Let m = -128 + 299. Let f = m + -98. What are the prime factors of f?
73
Suppose -3*n + 1288 = -437. List the prime factors of n.
5, 23
Let s = -935 + 1763. List the prime factors of s.
2, 3, 23
List the prime factors of (-5515)/(-5) + (24/(-4) - -10).
3, 41
Suppose 8*m - 25*m + 1564 = 0. What are the prime factors of m?
2, 23
Suppose -3 = b + 2*b, 0 = -4*d - b - 329. Suppose a = k + 61, -5*k + 2*a - 3*a - 275 = 0. Let q = k - d. List the prime factors of q.
2, 13
Let r(s) = s**3 + 13*s**2 + 14*s + 9. What are the prime factors of r(-10)?
13
Let h(r) = 92*r - 4. Let j(g) = 5*g**2 + g + 1. Let w be j(-1). Let u be h(w). What are the prime factors of 4/22 + u/33?
2, 7
Let t(g) = g**3 + 5*g**2 + 10*g - 10. What are the prime factors of t(6)?
2, 223
Let a = -62 - 49. List the prime factors of a*(3/2)/3*-2.
3, 37
Let c(q) = -q**3 + 9*q**2 + 16*q - 15. Let f = 38 + -28. List the prime factors of c(f).
3, 5
Let p = 40 - 22. Let q be 4/p + 102/27. Suppose 0*w - q*w = -176. What are the prime factors of w?
2, 11
Suppose -2*j + 334 + 1116 = 0. List the prime factors of j.
5, 29
What are the prime factors of (-17)/((184/48)/(-23))?
2, 3, 17
Suppose 5*d - o = -0*d, 3*d - 4*o = 0. Suppose -3*f - 9 = -d*f. Let x = 1 - f. List the prime factors of x.
2
Let b = -29 - -62. Let s = 4 + -2. Suppose k - b = -2*h, -5 = -3*k - s*k. What are the prime factors of h?
2
Suppose 34*o = 27*o + 882. List the prime factors of o.
2, 3, 7
Suppose 12 = 4*w + 76. Let n = -15 - w. What are the prime factors of 18 - n*(1 - -1)?
2
Let k = 22 + -19. Let v(y) = -3*y**2 + 9*y. Let p(b) = 2*b**2 - 9*b. Let j(w) = k*v(w) + 4*p(w). List the prime factors of j(-8).
2
Let d(f) be the first derivative of -f**4/4 - f**3 + f**2 - 3*f + 1. Let k be d(-4). Suppose -2*v = -k*y + 45, 0*v = -2*v + 10. List the prime factors of y.
11
Suppose 3*u - 735 = -3759. What are the prime factors of ((-2)/(-3))/((-9076)/u + -9)?
2, 3, 7
Suppose h - 8 = -z + 3*h, -4 = 4*z + h. Suppose -6*g + z*g = -102. Let q = g + -14. List the prime factors of q.
3
Let m(p) = 9*p**2 - p. Suppose 5*j - j + 4 = 0. Let t be m(j). Suppose 3*g + t = 5*g. What are the prime factors of g?
5
Suppose 5*s = -3 + 243. Suppose 0*w = -3*w + 3*y - 69, -5 = y. Let o = w + s. List the prime factors of o.
2, 5
Let p be ((-24)/(-10))/((-3)/(-70)). Let t be (-324)/10 + (-4)/(-10). Let c = t + p. List the prime factors of c.
2, 3
Suppose -5*t = -4*t. Suppose -5*j + f = -2*f - 27, 4*j - 5*f - 32 = t. Suppose 5*h - 9 = 5*w - 79, 33 = 2*w - j*h. List the prime factors of w.
3
Let g = 50 - 50. Let c(z) = z**3 + 22. List the prime factors of c(g).
2, 11
Let z be (49/(-14))/((-2)/4). Suppose 10*w - z*w - 18 = 0. Suppose -5*y = -w*y + 17. List the prime factors of y.
17
Suppose 13*x + 63 = 20*x. Suppose -10*r + 327 = -x*r. List the prime factors of r.
3, 109
Suppose 7*r = 3*r - 4*l, -r + 4*l + 10 = 0. List the prime factors of r + (0 + 2)/(-1) + 98.
2, 7
Let a = 425 + 770. List the prime factors of a.
5, 239
Suppose 62 = -17*o + 980. What are the prime factors of o?
2, 3
Let a be 4 - (-1 - (-1 + 3)). What are the prime factors of (a - (-9)/(-3)) + 1?
5
Let a(d) = 0*d + 3 + 1 - 3 - d. Let j be a(1). Suppose 5*w - 80 - 70 = j. What are the prime factors of w?
2, 3, 5
Suppose -35*c + 34*c = 85. Let a = 165 + c. List the prime factors of a.
2, 5
Let w(z) = -z**3 + 10*z**2 + 2*z + 18. Let u(y) = -y**2 + 7*y + 3. Let s be u(6). What are the prime factors of w(s)?
3, 13
Suppose 5*a - a - 12 = 0. Suppose -4*h + 2*h - p + 15 = 0, -3*p + 30 = a*h. Suppose -h*u - 3 = -c, -45 = -5*c - 6*u + u. What are the prime factors of c?
2
List the prime factors of (9/(-6))/(3/(-404)).
2, 101
Suppose t + 7 = 15. Suppose -2*v = -g + 8, -5*v - 3*g - 15 = -t*g. Let s = 38 + v. List the prime factors of s.
3, 11
What are the prime factors of (2/(-4))/(22/(-17864))?
2, 7, 29
Let a = -601 + 1334. List the prime factors of a.
733
Let l(r) = -2*r - 4. Let i be l(-6). Let f = i + -25. Let c = f + 40. What are the prime factors of c?
23
Let r = 306 - 265. What are the prime factors of r?
41
List the prime factors of ((-117)/(-12))/(3/36).
3, 13
Suppose 0*b - 3*b = 5*q - 1100, -q + 5*b = -248. Let f = 467 - q. What are the prime factors of f?
2, 61
Suppose 0 = 3*r - b - 164, 4*b - 58 = -5*r + 238. Suppose -8*s + r = -7*s. List the prime factors of s.
2, 7
What are the prime factors of ((-3)/(-4)*83)/((-9)/(-408))?
2, 17, 83
Suppose 0 = -3*z - 5*l + 3, -4*l = z + l + 9. Suppose z*x - 11*x = -660. What are the prime factors of x?
2, 3, 11
Suppose -2*h + 8 = 5*x - 0*x, -12 = -4*x - 3*h. Suppose x = 4*w - 112 - 112. Suppose 3*p + w = 3*u - 79, 136 = 3*u - 2*p. What are the prime factors of u?
2, 23
Let q(w) = 8*w + 135. What are the prime factors of q(0)?
3, 5
Let c = 67 - 35. Let t = c + 61. What are the prime factors of t?
3, 31
Let g be (-116)/(0 - 2)*2. Suppose 2 = -3*k + g. Suppose -t + 3 = 0, 4*l - k = -4*t + 62. What are the prime factors of l?
2, 11
Suppose -5*c + 3*n + 383 = 0, 4*c + 11*n = 6*n + 336. Suppose -4*g + 2*g - 82 = 0. Let h = g + c. List the prime factors of h.
2, 19
Suppose -130 = -13*k + 8*k. Suppose -p + 4*l = -38, l - k = -p + 32. List the prime factors of p.
2, 3
Let x be 12/20 - (-1940)/(-25). What are the prime factors of (-1390)/(-22) - (-14)/x?
3, 7
What are the prime factors of (-9)/((-441)/2534)*7?
2, 181
Let a = -14 - -18. Let i be (-28)/(-8) + (-2)/a. Suppose -2*s + 6*s - i*z = 82, 27 = s - 4*z. What are the prime factors of s?
19
Let p be (-1150)/4 - 8/(-16). Let f = 573 + p. List the prime factors of f.
2, 11, 13
Let k = -3 - 2. List the prime factors of (-54)/k + 7/35.
11
Let w = 632 - 234. What are the prime factors of w?
2, 199
Suppose 6 = 2*f + 10. What are the prime factors of 8/f + (166 - -3)?
3, 5, 11
Let t = 49 - 72. Let q = t + 12. Let g(n) = -n**3 - 12*n**2 - 14*n - 4. What are the prime factors of g(q)?
29
Let s(r) = r**2 + 5*r - 4. Let b be s(-6). Suppose 2*a + b*u = 2, -5 = -5*a + 2*u + 28. Suppose -a*y + 2*y = -18. List the prime factors of y.
2, 3
Let i(w) = 56*w - 233. What are the prime factors of i(29)?
13, 107
List the prime factors of ((-35)/(-14) + -3)*-1646.
823
Suppose -2*z - 7 = 3*b - 10, 2*z = 5*b + 11. Suppose -5*s = 3*g - 649, -z*s + 2*s + g + 133 = 0. What are the prime factors of s?
131
Suppose 2004 = s + 11*s. What are the prime factors of s?
167
Suppose -t + 29 = -11. What are the prime factors of t/12*12/8?
5
Suppose -n = -78 + 15. What are the prime factors of n?
3, 7
Let t(m) = -2*m**2 - 21 + 3*m**2 + 31 - 8*m. Let d be t(7). Suppose 5*k - 15 = -z, z + d*k - 16 - 1 = 0. What are the prime factors of z?
2, 5
Let c be 3/(-2)*8/6. Let g be (-4 - (-2 - 0))*c. Suppose -g*a + 28 + 94 = 2*i, 0 = 5*i - 25. What are the prime factors of a?
2, 7
Suppose -266*s + 27678 = -260*s. What are the prime factors of s?
7, 659
Let m(h) = 93*h. Let j(d) = -d**3 - 7*d**2 - 5*d + 7. Let g be j(-6). List the prime factors of m(g).
3, 31
Let u = -53 - -29. Let s = u + 75. Suppose s = 4*d - 81. List the prime factors of d.
3, 11
Let w(s) = 8*s**3 + s - 1. Suppose 5*k - 9 - 1 = 0. Suppose -19 = -4*x - 3*i, k*i - 7 =